j + 15*j - 49 = -3*r, 5*r + 4*j - 91 = 0. What are the prime factors of 678 + r/3 + -2?
3, 227
Let q(z) = 178*z**2 + 53*z - 745. List the prime factors of q(14).
5, 6977
Let w(n) = -n**3 + 10*n**2 + 5*n + 71. Let b be w(11). Suppose -4*o + 1220 + 576 = -b*p, o + 5*p = 474. What are the prime factors of o?
2, 227
Let l be 20/(-3 - -7) + -9. Let k be l/(-6) + (27888/18)/7. Suppose -2*i - 80 = -k. List the prime factors of i.
71
List the prime factors of ((-12264)/(-35))/(-12)*(-29480)/16.
11, 67, 73
List the prime factors of (21505/(-605) - (3 + 39/(-11)))*-4.
2, 5, 7
Let h be 168/10*(4 - -6). Let q = h - 83. What are the prime factors of q?
5, 17
Let m(g) be the first derivative of 37*g**3/3 - 7*g**2/2 + g - 1. Suppose 0 = 48*a - 63*a + 30. List the prime factors of m(a).
3, 5
Let f(o) = 30*o - 23. Let a(d) be the first derivative of -45*d**2/2 + 35*d - 19. Let p(y) = -5*a(y) - 7*f(y). List the prime factors of p(3).
31
Let v(s) = s**3 - 16*s**2 - 791 + 0*s**3 + 28*s + 835. What are the prime factors of v(16)?
2, 3, 41
Let c = -286 - -179. Let i = c - -109. Suppose -i = -3*a + 7. What are the prime factors of a?
3
Suppose 0 = 2*a - 16 + 10. Suppose -c = r + a, 4*c = 4*r - 9*r - 15. What are the prime factors of (0 - r)*149/3?
149
Suppose -5*p + 18195 = -4895. What are the prime factors of p?
2, 2309
Let f be (-6 + 5)/(3/6). Let z be ((-36)/(-54))/(f/(-243)). Let l = -41 + z. What are the prime factors of l?
2, 5
Let t = 71 + -63. Let a be 1029 + 9/18*t/(-1). Suppose -235 = -9*o + a. What are the prime factors of o?
2, 5, 7
Let k = 52533 - 33871. What are the prime factors of k?
2, 7, 31, 43
Suppose 2*j = -3*j - 25. Let i be 280 - -2*j/(20/8). Let v = -139 + i. What are the prime factors of v?
137
Let w be 8 + -3 + 3 + -2 - 1. Suppose -2*s - 2*s + 5*b - 8 = 0, w*b = 3*s + 1. Let a = s - -69. List the prime factors of a.
2, 31
Suppose 1200 = -8*p - 96. Let a be 0 + ((-4)/(-2) - 66). Let n = a - p. List the prime factors of n.
2, 7
What are the prime factors of 8525 + (-19 - (-60)/5)?
2, 4259
Suppose -3*r + 130165 = 4*l, -r + 23288 + 9251 = l. List the prime factors of l.
2, 79, 103
Let b(c) = 54*c**2 + 42*c - 4. Let h be b(5). Suppose -q + 2665 - h = 0. What are the prime factors of q?
1109
Let t = -20 + 19. Let o be 7/(-42) + t + (-37)/(-6). Suppose -o*v + 190 = -150. List the prime factors of v.
2, 17
Suppose 291 = 3*l - 366. Let a = l - -98. What are the prime factors of a?
317
Let m(z) = 3*z**2 - 12*z - 10. Let r(p) = 5*p**2 - 17*p - 14. Let f(b) = -7*m(b) + 5*r(b). What are the prime factors of f(2)?
2, 7
Suppose -2*q = -8, -6*t + 3*t - 3*q - 6 = 0. Let b = t + -11. Let y = 88 + b. What are the prime factors of y?
71
Let y be (-9)/(-3) + 4 + (0 - 5). Let z be (-5*8/y - -1) + 1. What are the prime factors of (-2)/9 - 742/z?
41
Let w(p) = 0 - 10*p - 17 - 20*p. Let x(k) = -2*k**2 + 95*k - 51. Let o be x(47). What are the prime factors of w(o)?
103
Let m be ((-6)/1)/(-1 - (-8)/7). What are the prime factors of (0 - m)*(-9 + 808/16)?
3, 7, 83
Let q = 110 - 103. Suppose 10*f - 1788 = q*f. What are the prime factors of f?
2, 149
List the prime factors of (-3 - -1)/(12/(-90000)).
2, 3, 5
Let z(y) = 19*y + 27. Let r be z(-8). Let f = -122 - r. Suppose 0 = f*q + 3*k - 816, 0*q + k + 836 = 3*q. List the prime factors of q.
277
Let m(v) = 197 + v**2 - 397 + 47*v**3 + 208 - 3*v. What are the prime factors of m(2)?
2, 191
Suppose 0 = 9*t - 6*t - 15. Suppose -t*c = -c + 340. Let l = -44 - c. What are the prime factors of l?
41
Let a be (-43)/((-1720)/48)*30/4. Suppose 2*f + 391 = -5*v, 4*v - 2*v + 164 = 3*f. Let l = a - v. What are the prime factors of l?
2, 11
Suppose 4*o + 1809 + 53 = 5*n, 0 = 3*n - 2*o - 1118. Suppose q - 124 - 134 = 0. Let s = n - q. What are the prime factors of s?
2, 29
Suppose -5*x - 60*n + 65*n = -14420, 2*n = -4. What are the prime factors of x?
2, 11, 131
Let n = -62 - -52. What are the prime factors of -3 - (n - -3) - 1073/(-1)?
3, 359
Let f = -265 + 180. List the prime factors of 11/((-220)/24)*f.
2, 3, 17
Let i = 2700 - -2780. List the prime factors of i.
2, 5, 137
What are the prime factors of 12*((-76)/(-30))/(-19)*-27565?
2, 37, 149
Suppose 5*k - 7*p - 617 = 0, -10*k - 5*p + 430 = -6*k. What are the prime factors of k?
5, 23
What are the prime factors of -8 + (-3290)/(-56) - (-5)/4?
2, 13
Suppose -3 = -s - v, -s + 3*v + 13 = 2. Let h be (-25)/s - (-1 + 23). List the prime factors of (h + 34)*(-1)/((-14)/332).
2, 83
Let g(p) = -1. Let d(z) = -z + 5. Let w(i) = d(i) - 4*g(i). Let k be w(7). What are the prime factors of (k/4)/(2/508*1)?
127
Let o(p) = 13*p - 22. Let a = -29 + 127. Let n = a + -84. What are the prime factors of o(n)?
2, 5
Suppose -39*n - 2*z - 272896 = -51*n, 0 = -z - 2. List the prime factors of n.
22741
Suppose -1381*o = -1437*o + 2320808. List the prime factors of o.
41443
Suppose 128*l + 4*z + 48 = 132*l, -2*l = 5*z - 38. What are the prime factors of 353/((7/l)/((-9)/(-6)))?
3, 353
Suppose 3*b - 2724 = 2*q + 2409, -b = 3*q - 1733. What are the prime factors of b?
5, 7
Suppose 16*y - 11 = 21. List the prime factors of (-1 + y)*(-4)/((-4)/37).
37
Let y = 492 - 486. Suppose -4*x + 534 = 2*u, 398 = 3*x + y*u - 7*u. What are the prime factors of x?
7, 19
Let n(t) = -57*t + 24*t + 4*t**2 + 24*t - 9 + 16*t. Let w be n(4). Suppose 0 = 3*f - w - 241. List the prime factors of f.
2, 3
Let c(a) = -a**2 + 37*a + 118. Let u be c(40). Let t(b) = 113*b**2 - b. List the prime factors of t(u).
2, 227
Let n = -5210 - -20782. List the prime factors of n.
2, 17, 229
Let q(n) = -75*n**2 + 3*n + 9. Let w(l) = -38*l**2 + l + 4. Let d(x) = 2*q(x) - 5*w(x). What are the prime factors of d(4)?
2, 3, 107
Suppose -14*y = -17*y + 1266. Suppose -4*c - 74 + y = 0. What are the prime factors of c?
3, 29
Let k = 6593 + -2759. List the prime factors of k.
2, 3, 71
Let h = -5642 - -9326. What are the prime factors of h?
2, 3, 307
Let g be -53 + 46 + 7*1. Suppose -w - d + 1314 = g, -w + 2*d - 6582 = -6*w. What are the prime factors of w?
2, 659
Suppose -2*a + 0*k = -3*k - 11135, 27825 = 5*a + 5*k. Suppose 0 = -16*f + a - 702. What are the prime factors of f?
2, 19
Suppose -44 = -11*o - 11. Suppose 5*d - 7*n = -o*n + 3094, 3*d + 4*n - 1850 = 0. List the prime factors of d.
2, 3, 103
Suppose 82 = -8*g - 198. What are the prime factors of (g + 41)/((-6)/(-441))?
3, 7
Let z be ((-60)/25)/(2/10). Let p be z/(-8) - (3 - (-543)/(-2)). Suppose -2*k - 5*s = 3*k - p, -4*s - 8 = 0. List the prime factors of k.
2, 7
Suppose -6439*a = -6453*a + 374878. List the prime factors of a.
26777
Suppose 21*x - 197265 - 365301 = -66546. List the prime factors of x.
2, 5, 1181
Let l(g) = g + 2. Let k be l(1). Let q be 0*(k/12 - (-2)/8). Suppose q = 11*w - 12*w + 36. List the prime factors of w.
2, 3
Suppose 38015 = z - 2*j, -2*z + 75958 = 612*j - 607*j. What are the prime factors of z?
13, 37, 79
Let i(j) = 2*j**2 - 27. Let y be i(0). Let b be 21/y + 1 + 180/(-81). What are the prime factors of 113 + (0/b)/(-4 + 6)?
113
Let s(c) = c**2 - c - 7. Let k be s(-3). Let n = k + -3. Suppose 4*q - m - 489 = 0, -m + n*m = 3*q - 368. List the prime factors of q.
11
Let y(r) = -10*r - 31. Let l be y(-4). Suppose 0 = -0*z - l*z + 10593. What are the prime factors of z?
11, 107
List the prime factors of (-366)/(-305) + ((-38)/15)/((-2)/40083).
50773
Let x be -1 + ((-5755)/(-10))/((-2)/4). Let f = -462 - x. What are the prime factors of f?
2, 3, 5, 23
Suppose v - 14*j = -10*j + 3110, v - j - 3116 = 0. Suppose 0 = -29*i + 31*i - 5*t - 1563, -4*i + 2*t + v = 0. What are the prime factors of i?
19, 41
Suppose -p + 4*t + 280 = 0, -p + t = 4*t - 308. Suppose 0 = -3*g - b + 1161, -p = -3*g + 4*b + 850. What are the prime factors of g?
2, 193
Suppose 8*g - 2*i = 7*g + 220, 0 = -5*i - 20. Suppose -f - 2*n + 208 + g = 0, 3*n = 2*f - 805. List the prime factors of f.
2, 5, 41
What are the prime factors of ((-3)/((-75)/455))/((-2)/(-1730))?
7, 13, 173
Let v(y) = -2*y + 3. Let c(h) = 136*h - 228. Let j(g) = c(g) + 2*v(g). List the prime factors of j(5).
2, 3, 73
Suppose 78*b - 75*b + 29436 = 0. List the prime factors of (-3)/(-2)*b/(-33).
2, 223
Let n = -2 - -9. Let y be (4 - (-336)/6)*12/18. Suppose -n*q = -3*q - y. List the prime factors of q.
2, 5
Let p(k) = -2620*k - 3944. List th